nder when z is divided by 19.
17
Suppose -n - 3*s - 1 = -3*n, -7 = -n - 5*s. Suppose 0 = -2*d - 9 + 3, -n*d - 49 = z. Let u = z - -46. What is the remainder when u is divided by 2?
1
Let b(i) = i + 1. Let j be 40/(-3) + 4/(-6). Let y = 76 + j. What is the remainder when y is divided by b(7)?
6
Suppose 6*p - 5*p = -2, -5*f + 1971 = 2*p. Calculate the remainder when (9 - f/45) + (-914)/(-18) is divided by 50.
1
Suppose -953 - 280 = -8*t + 119. Calculate the remainder when 3204 is divided by t.
162
Suppose -9*h - 5*l = -4*h, -5*l = -2*h - 21. Let o(p) = -10*p - 2. What is the remainder when 39 is divided by o(h)?
11
Suppose 2*w + w - 294 = 0. Let z = 8192 - 7605. Calculate the remainder when z is divided by w.
97
Let h(b) = -219*b + 2446. Calculate the remainder when 1845 is divided by h(11).
32
Let w(s) = 5*s**3 + 155*s**2 - 4*s + 43. What is the remainder when 516 is divided by w(-31)?
15
Let h(j) = -j**3 + 5*j**2 + 20*j - 2. What is the remainder when 307 is divided by h(7)?
27
Let h(n) be the second derivative of n**4/4 - n**3/6 + 87*n**2/2 + 12*n - 2. What is the remainder when h(-8) is divided by 58?
55
Suppose -2*n + 5 = -5*v, 4*n + 3*v = -0*n + 23. Suppose 5*z = 13*r - 16*r + 3, -5*r - 17 = z. What is the remainder when 55 is divided by 15 - (n + -1)/r?
7
Let z be 2/4*(957 + (8 - 5)). Let n = z + -220. Calculate the remainder when n is divided by 67.
59
Calculate the remainder when 187 is divided by -205*(-12)/90*(-21)/(-14).
23
Suppose 86*v - 79*v = 1295. Calculate the remainder when 139 is divided by (14/5)/(74/v).
6
Suppose 2*a = -5*a + 28. Suppose -10*b + 9*b - a = 0. What is the remainder when (b - -1) + 6 + (-240)/(-4) is divided by 17?
12
Suppose -24*v + 7*v - 8*v + 475 = 0. Let l = 70 + -40. Calculate the remainder when l is divided by v.
11
Suppose 0 = -27*j + 972 + 4954 + 2930. Calculate the remainder when 1138 is divided by j.
154
Suppose -d - 2*p - 29 = -536, p + 495 = d. What is the remainder when d is divided by 116?
35
Suppose -3*s + 99 = -0*s. Suppose 42*w - 189 - 586 = -145. What is the remainder when s is divided by w?
3
Suppose -i - 18 = -x + 3, -2*x = 2*i - 38. Suppose 2*u + 4 = -k - 6, -3*u - x = -k. What is the remainder when (-1)/2 - (0 + 411/u) is divided by 26?
16
Let x = -92 - 144. Suppose 13*b - 160 = -5*b + 8*b. Calculate the remainder when (x/b)/((-6)/24) is divided by 6.
5
Let h(f) = -f**3 - 35*f**2 - 32*f + 77. Let n be h(-34). Calculate the remainder when 116 is divided by (3 - 24/n)*12 - -2.
2
Let y(v) = v**2 - 6*v + 24. Let l = 7 + -9. What is the remainder when y(4) is divided by (14 + -2)/(l/(-1))?
4
Let w(r) = r + 8. Let g be (16 + -304)*(2 + -3). Suppose 88 = -5*o + g. What is the remainder when o is divided by w(6)?
12
Let i(w) = w - 9. Let j = 42 + -33. Let p be i(j). Suppose -2*c - g = 4*g + 5, 2*c - 5*g - 45 = p. What is the remainder when 54 is divided by c?
4
Let c be 5586/(-10) - ((-215)/25 - -9). Let g = -326 - c. Calculate the remainder when g is divided by 47.
45
Let d(x) = x**3 - 2*x**2 + x - 1. Let q(z) = 2*z**3 + 6*z**2 + 19*z - 27. Let b(r) = 4*d(r) - q(r). Calculate the remainder when 94 is divided by b(8).
1
Let v = -2134 + 2203. Suppose -t - 4*t + 2 = 4*u, -4*t = 3*u - 2. Suppose -t*c - c + 27 = 0. What is the remainder when v is divided by c?
6
Suppose 0 = 4*q - 69*q + 59930. Let b = 949 - q. What is the remainder when 192 is divided by b?
3
Let a = -29 + 29. Suppose a = -0*i + 3*i - 15. Suppose 0*x = -3*x + i*j + 80, 0 = -3*x + 2*j + 86. What is the remainder when x is divided by 11?
8
Suppose -183 + 59 = -2*r. Calculate the remainder when 3222 is divided by r.
60
Suppose -5*w + 25 = 0, 3*a - 2*w - 48 = -7. Let t be -2 + (-4)/((-12)/171). Suppose -t + 221 = 2*f. What is the remainder when f is divided by a?
15
Let s(c) = c**2 + 16*c + 10. What is the remainder when 356 is divided by s(3)?
21
Let p = -8204 + 8281. Calculate the remainder when 104 is divided by p.
27
Let z = -386 - -651. Let n = z + -257. Calculate the remainder when 39 is divided by n.
7
Let z(c) = -9*c + 29. Let g(w) = -5*w + 15. Let i(r) = -7*g(r) + 4*z(r). Let n = 18623 + -18619. Calculate the remainder when i(7) is divided by n.
0
Suppose -2*w + 10 = 0, 74 = 3*a + 5*w - 53. Let t(k) = 8*k**2 - 2*k - 1. What is the remainder when t(-4) is divided by a?
33
Let x(l) = -l**3 - 35*l**2 - 7*l - 1254. What is the remainder when x(-36) is divided by 54?
24
Suppose 0 = -2*o + 5*n - 3, 3*o = n - 1 + 3. Let q be 0 - (-1 - o - -3). Calculate the remainder when ((-2)/(-3) - (-58)/(-6))*q is divided by 3.
0
Suppose -2*g + 4*g - b = 21, -5*b - 41 = -2*g. Let q(z) = 3*z + g*z - 55*z**3 - 9 + 10*z**2 + 56*z**3 + 0*z. Calculate the remainder when q(-6) is divided by 8.
5
Let y = 74 - 77. Let n(g) = -g**3 - 9*g - 5. What is the remainder when n(y) is divided by 9?
4
Let a = 1480 - 1416. Suppose 2*v = 5*v - 372. Calculate the remainder when v is divided by a.
60
Let a = -8209 - -8322. What is the remainder when a is divided by 3?
2
Let r(j) = -j**3 + 18*j**2 - 14*j - 35. Let u = 256 - 235. What is the remainder when u is divided by r(17)?
5
Let q = -7884 + 8459. Calculate the remainder when 1754 is divided by q.
29
Let m be (2/1)/((-4)/118). Let c = m + 57. Calculate the remainder when 124 is divided by (-3)/c*(-960)/(-45).
28
Suppose 10*j - 12877 = -12747. What is the remainder when 2699 is divided by j?
8
Suppose 300*x - 253*x - 658 = 0. Calculate the remainder when 807 is divided by x.
9
Suppose 208*s = 180*s + 4424. What is the remainder when s is divided by 60?
38
Let v = -285 - -439. Calculate the remainder when 334 is divided by v.
26
Let i = 12218 - 11028. Calculate the remainder when i is divided by 200.
190
Suppose -2 = -q - w - 5, -2*w - 6 = 0. Let h be 22 - (-19)/((-57)/24). Suppose q = -h*y + 12*y + 14. What is the remainder when 33 is divided by y?
5
Let t(z) be the first derivative of -3*z**2 - 4*z - 1. Let q = -1828 - -1826. What is the remainder when 45 is divided by t(q)?
5
Let h = 36 - 22. Suppose -3*n + 26 = 2*i, 0 = -4*n + i + 81 - 39. Calculate the remainder when h is divided by n.
4
Suppose 201 + 202 = -5*x - 4*f, -80 = x + f. Let g = 2376 + -2251. Let b = x + g. What is the remainder when b is divided by 15?
12
What is the remainder when (-1)/(-5) - (-126)/(-30) - (-786)/3 is divided by 22?
16
Let t = -1649 - -46454. What is the remainder when t is divided by 24?
21
Let l(k) = k**3 - 11*k**2 + 38*k - 19. What is the remainder when 481 is divided by l(6)?
17
Let u(i) = -i**2 - 53*i - 185. Suppose 0 = -2*n + 4*q + 22, -2*q + 5*q + 69 = 5*n. Suppose -y = -16 - n. What is the remainder when y is divided by u(-49)?
9
Suppose 4*g - 3*y = 24, -g - 4*g + 4*y + 31 = 0. Suppose 2*t - 2*b = 26, -g*t - 2*b = -7*b - 37. Calculate the remainder when 361 is divided by t.
11
Let r = -73 - -348. Let t = 298 - r. Suppose 2*g = -g - 4*s + 22, -3*s = -g + 16. What is the remainder when t is divided by g?
3
Let m = -660 - -675. Let f(n) = n**3 + 3*n**2 + n + 58. Let v(c) = -c**3 - c**2 - 1. Let o(u) = f(u) + 2*v(u). What is the remainder when o(0) is divided by m?
11
What is the remainder when 893 is divided by -3 + 2/(22/99)?
5
Suppose -26*m + 28*m - u - 346 = 0, -m - 3*u + 159 = 0. What is the remainder when 246 is divided by m?
75
Suppose -52*i + 68*i + 182286 = 34*i. What is the remainder when i is divided by 33?
29
Let g(p) = -p**2 + 12*p + 3. Suppose -5 + 7 = -2*c. Calculate the remainder when (-15)/(-5)*(8 + c) is divided by g(11).
7
Let b = -292 - -290. Calculate the remainder when (181/b*-4)/2 is divided by (-184)/(-6)*(-9)/(-6).
43
Suppose 18 = 4*n + 6. Suppose -3 = -10*i + 87. What is the remainder when (-24 + 6)*1/(-2)*n is divided by i?
0
Suppose -3*d + 40 + 17 = 0. Suppose 51*o - 32*o - 218 = 675. What is the remainder when o is divided by d?
9
Let n(c) = 314*c - 618. What is the remainder when n(30) is divided by 31?
29
Suppose 0 = 2*v - 2*j + 4, 3*v - 3*j - 9 = -5*j. What is the remainder when 179 is divided by v/(286/(-72) - -4)?
35
What is the remainder when 158 is divided by (-125)/4*8/(-10)?
8
Suppose 4*b - 63 = t, 3*t + 2*t - 93 = -4*b. Suppose 29*z - b*z - 1476 = 0. What is the remainder when z is divided by 32?
27
Let c = -188 + 191. Suppose 0*z = c*z - 6, -w + 3 = -3*z. Suppose -20 = -4*p - 4. What is